3. Let u(x) be the first derivative of -3*x**4/2 - x**3/3 + x + 10. Let a(q) = h(q) - u(q). Determine a(1).
7
Let u(y) = -y**2 + 2*y - 4. Let k = -81 + 84. Determine u(k).
-7
Let n be 6 - (-5 + 0)*(16 + -15). Let l(x) = x**2 - 11*x - 10. Determine l(n).
-10
Let l(v) = -11*v - 5*v - 347 + 704 - 355. What is l(4)?
-62
Suppose 10*s - 5*s + 225 = 0. Let z = s - -47. Let x(w) = 2*w**3 - w**2 - 2*w + 3. Give x(z).
11
Let x(t) = t**2 - 6*t - 8. Let h be ((-6)/(-40) + (-3)/(-12))*40. Suppose 13*q - h = 11*q. Calculate x(q).
8
Let v be (1 + -2)/((-4)/16). Suppose 4*w - 3*w + v*i = 11, 2*w = i - 14. Let t(x) = 2*x + 3. Calculate t(w).
-7
Let d(j) = 19*j**2 + 5*j - 7. Let l(z) = 8*z**2 + 2*z - 3. Let u(k) = 2*d(k) - 5*l(k). Give u(2).
-7
Suppose -450 = 2*w - 442. Let g(k) = 3*k**3 + 15*k**2 - 3*k - 12. Let p(t) = 2*t**3 + 10*t**2 - 2*t - 8. Let d(i) = -5*g(i) + 8*p(i). Calculate d(w).
16
Let o(m) be the third derivative of m**4/12 - 7*m**3/6 - 7*m**2. Let h be 14/3 - ((-16)/6)/8. Give o(h).
3
Suppose 106*p = 100*p + 18. Let r(f) = 4*f - 1. Calculate r(p).
11
Let l = -14 + 16. Suppose -2*o + 6 = l. Suppose o*v + 5*c + 1 = 7, -3*c = -3*v - 12. Let m(u) = -7*u - 2. What is m(v)?
12
Let o be (6/10)/(13/65). Suppose -4*y = 5*w + 3, y - o*y = -5*w + 9. Let z(j) be the third derivative of 7*j**4/24 + 2*j**2. Calculate z(y).
-14
Let j(c) = 5*c**2 - 7*c + 13. Let i(r) = -5*r + 5 - 9*r**2 + 18*r - 30. Let f(u) = -6*i(u) - 11*j(u). Calculate f(0).
7
Let h(m) = 2 + 26 - 7 + m - 6 - 4. Give h(-10).
1
Let q(c) = 14 + 9*c - 10*c - 2 - 2. What is q(6)?
4
Suppose 2*n + 0 - 6 = 0. Suppose 0 = -m, -5*u + 0 + 20 = 4*m. Let a(j) = -u + 3*j + 2 - 1. Calculate a(n).
6
Let u = 0 + -6. Suppose 10*x - 5*x = 10. Let i(h) = 1 + 3 - x + h. Determine i(u).
-4
Let j(m) = -3*m**2 - 4*m + 12. Let v(u) = -u**2 + 1. Let f(k) = j(k) - 2*v(k). Calculate f(-7).
-11
Let u be -1 - -2 - (0 + 3). Let w(v) = 1 - 99*v + 201*v - 105*v. Give w(u).
7
Let k(n) = n + 1. Let h be (-4 + 3)*(3 - 7)/(-2). Let i(s) = 11. Let c(o) = -4. Let d(w) = -8*c(w) - 3*i(w). Let l(p) = h*k(p) + d(p). Calculate l(-5).
7
Let b(y) = -y**3 + 7*y**2 + 8*y + 1. Let a be (-9 - 0)/3 - -11. Let d be b(a). Let w(j) = 35*j**2 - 36*j**2 - d + 3*j + 3*j - 3*j. What is w(1)?
1
Let i(n) = 2*n - 1. Let k = -13 + 41. Suppose -3*w + k = -10*w. Give i(w).
-9
Let w = 138 - 137. Let z be 3*w/2*24/(-6). Let o(l) = -l**3 - 8*l**2 - 8*l + 3. What is o(z)?
-21
Let h(m) = m**2 + 5*m + 6. Let i(u) = u**3 - 4*u**2 - 2*u + 6. Let g be i(4). Let z be (1 - 3)/(g/(-4)). Let j be h(z). Let d(k) = -7*k + 2. Give d(j).
-12
Let q(g) = 2*g**2 - 2. Let p(d) = d - 11. Let n(r) = -r + 12. Let l(u) = -7*n(u) - 6*p(u). Let w be l(16). Give q(w).
6
Let c(j) = 12*j**2 + 18*j - 40. Let h(n) = -7*n**2 - 9*n + 21. Let z(q) = -4*c(q) - 7*h(q). Determine z(9).
13
Let r(k) = -2*k**2 + 8*k - 12. Let x be r(5). Let l = x - -27. Suppose -3*n - c = -23, 0*n + l*n - 33 = c. Let p(d) = -d**2 + 7*d + 6. What is p(n)?
6
Let q(f) = 2*f + 6. Let w(u) = u + 3. Let v(i) = 3*q(i) - 7*w(i). Let t(l) = 6*l + 16. Let c(k) = 6*t(k) + 33*v(k). Determine c(4).
9
Suppose -4*j + 9*j + 6*m = -52, -4 = j - 2*m. Let c(t) = t**3 + 7*t**2 - 7*t + 8. Calculate c(j).
0
Let y = 8 + -6. Let r be (y - (-3)/(-2))*12. Let d(g) = -4 + 8 + 472*g + 3 - 471*g + 1. Determine d(r).
14
Let q(p) = p**3 + 6*p**2 + 4*p - 5. Let y be (-24)/(-60) + 27/(-5). What is q(y)?
0
Let t(u) be the second derivative of -u**3/6 + 3*u**2/2 + 2*u. Let x = 0 + 19. Let l = x - 22. What is t(l)?
6
Let h(n) = n + 1. Suppose 10 = 6*f - f. Suppose 10 - 4 = f*u + 4*t, -u + 3*t = -8. Give h(u).
6
Let x = -45 + 78. Suppose 5*a + 0*l = l - x, 5*l + 15 = -5*a. Let i(j) = 3*j + 3. Determine i(a).
-15
Let i(j) = j**2 + 6*j - 6. Let f be i(3). Let y(l) = l + f*l**3 - 6 - 22*l**3 + l - 6*l**2 - 10*l. Give y(-5).
9
Let x(s) = -s**2 - 4*s + 1. Suppose -3*p - p = v - 8, -4 = 4*v - 2*p. Suppose v = -4*a + 2*q, -1 = 5*a - 2*q - 2. Let o be (-70)/(-28)*(-2)/a. Give x(o).
-4
Let x be 1*((5 + 4)/3 - 4). Let u(a) = 8*a - 1. Give u(x).
-9
Suppose 0 = -d - 2. Let v = 4 - d. Let k(q) be the first derivative of q**2 - 6*q - 55. Give k(v).
6
Let m(c) = -106*c + 638. Let w be m(6). Let a(z) = -z**3 - 3*z**2 + 2*z - 2. What is a(w)?
-18
Let o(k) = -k - 3. Suppose 328 + 108 = -4*p. Let h = -102 - p. Determine o(h).
-10
Let u(o) = -o**3 - 7 + 33*o + 6*o**2 - 10*o - 9*o - 9*o + 0. Calculate u(6).
23
Suppose 0 = 5*b - 3*b + b. Let j be 3/(21/(-35))*(-1 - b). Let u(m) = -m - 5. What is u(j)?
-10
Suppose 0 = -2*s + 6, -3*k - s = 2*s + 21. Let l = k - -4. Let u be (3/9)/(1/l). Let z(m) = -m - 3. Determine z(u).
-1
Let u(o) be the first derivative of -o**3/3 + 3*o**2 + 6*o - 2. Suppose 6*k + 43 = 3*a + 11*k, 5*a - 3*k - 15 = 0. Give u(a).
6
Let w = -445 + 441. Let q(j) = -j**3 - 4*j**2 - j + 5. Determine q(w).
9
Let a = 8 + -24. Let d = a - -18. Let p(v) = -6*v**2 + 2*v + 2. Give p(d).
-18
Let k(q) = -3*q**2 - 2*q + 1. Let y(j) = -j**2 + 2*j - 3. Let o(h) = -2*k(h) - y(h). Calculate o(-1).
6
Suppose -3*t + 52*w + 23 = 57*w, -t + 5*w = 19. Let j(v) = -22*v**2 - v + 1. Calculate j(t).
-22
Let f be (12/(6 + -7))/(-3). Let v(q) = -2 + 0 + 3*q**2 - 4*q**2 + 4*q. Calculate v(f).
-2
Let t be -2 + 0 + (-4 - -2). Let v be t/14 + (-46)/(-14). Suppose -13 = -v*u + 4*i, -9*u = -4*u + 4*i + 21. Let j(h) = -2*h**3 + 2*h**2 + 2*h + 1. Give j(u).
3
Suppose -r - b + 15 = 4*r, -b = 4*r - 12. Suppose -4*q + 23 = -4*h - 9*q, -h + r*q = -7. Let j(t) = 5*t + 2. Calculate j(h).
-8
Suppose 0 = 6*y - 8*y - 102. Let g = y + 53. Let w(i) = -i**3 + 2*i**2 - 3*i + 1. What is w(g)?
-5
Let k(g) = g**3 - 4*g**2 - g + 3. Let h(n) = 0 + 3*n**2 + 5*n**2 + 3*n - 7 - 13 - n**3. Let l be h(8). Give k(l).
-1
Let s = -52 - -61. Let o(l) = -s + 8 + 4*l + l**2 - 2*l. Give o(-2).
-1
Let h = 1 - 0. Let k(c) be the first derivative of -5*c**4/12 - c**3/6 + c**2/2 + 23*c - 7. Let i(m) be the first derivative of k(m). Determine i(h).
-5
Suppose w + 86 = 95. Let b(f) = 2*f - 12. Determine b(w).
6
Let k = 15 - 11. Let w(t) = -2*t - 3 - 34*t + t**2 + 18*t + 15*t. Calculate w(k).
1
Let s be 1/(-3) - 8/3. Suppose -2*j = -7 - 7. Let z(b) = -20 - b + 14 + j. What is z(s)?
4
Let j(d) = -4*d + 2*d + 14*d**2 + 8*d**2 - 12 - 3*d - 21*d**2. What is j(7)?
2
Let w(n) = -n**3 + n**2 - 2*n. Let f(y) = -7*y**3 + 5*y**2 - 13*y - 35. Let u(a) = -f(a) + 6*w(a). Determine u(0).
35
Suppose -6*u + 8 = -4*u. Suppose -15 = 8*k - 3*k, 5*k = u*s + 1. Let y(b) = b**3 + 4*b**2 - 2*b - 5. What is y(s)?
3
Suppose 0 = -16627*f + 16638*f + 209. Let s(n) = -n**3 - 18*n**2 + 21*n + 37. Calculate s(f).
-1
Let i(m) be the third derivative of m**6/120 + m**4/24 - 88*m**2. Give i(0).
0
Let p(o) = -6*o**2 + o - 1. Let a(x) = -17*x**2 + 2*x - 3. Let i(b) = 3*a(b) - 8*p(b). Let q = 8 - 10. Let z be (-2)/(-1) + (q - 1). Give i(z).
-2
Let z be 2*(-3)/2 - 3. Let p(x) be the second derivative of -x**6/720 - 3*x**5/40 - x**4/3 + 22*x. Let h(j) be the third derivative of p(j). What is h(z)?
-3
Let d(f) = -f**3 + 14*f**2 - 3*f + 45. Let o = -544 + 558. What is d(o)?
3
Let f(s) = s**3 + 5*s**2 + 3*s + 2. Let d(u) = 3*u - 6. Let b be d(2). Suppose b = 2*k - 4*k - 8. What is f(k)?
6
Let c(y) = -16*y**2 - 15*y - 2. Let r(l) = 7 - 7*l + 6 - 8*l**2 - 26 + 12. Let k(n) = -6*c(n) + 13*r(n). Suppose 6 = -2*a + 4. Determine k(a).
-8
Let l(n) be the second derivative of -n**5/20 + n**4/6 - n**3/3 - n**2 + 12*n - 6. Calculate l(2).
-6
Let k(b) = -b**2 - 8. Let m(p) = p + 6. Let s(a) = 2*k(a) + 3*m(a). Let j(t) = t**2 + 2*t - 5. Let i(d) = -d - 6. Let h be i(-3). Let v be j(h). Determine s(v).
-12
Let b(y) be the first derivative of y**3/3 - 9*y**2/2 - 2*y + 1. Suppose 0 = -5*u + a + 24, 0 = 3*u - 5*a + 8*a. Calculate b(u).
-22
Suppose -5*f = 4*v - 35, -v - 15*f + 8 = -14*f. Let c(u) = -u**2 + 8*u + 5. Calculate c(v).
20
Let v be (-6)/(-4)*(-4)/(-6). Let n(h) = -306 + 306 + h. Let k(p) = 7*p. Let l(r) = k(r) - 6*n(r). Determine l(v).
1
Let s(o) = -13*o - 3. Let k be s(-2). Suppose -4*j + k - 3 = 0. Let y(b) = b - 1. Determine y(j).
4
Let t(c) = 2*c**2 - c - 5. Let o(v) = 6*v**2 - 9*v - 34. Let k(g) = -o(g) + 6*t(g). What is k(-2)?
22
Let v(p) = -p**3 + 11*p**2 + 11*p + 15. Let s = 247 + -235. Give v(s).
3
Let g(l) be the third derivative of -l**5/60 + l**4/8 - 3*l